{"id":2,"date":"2025-11-06T08:04:14","date_gmt":"2025-11-06T08:04:14","guid":{"rendered":"https:\/\/turunmustemessu.fi\/?page_id=2"},"modified":"2026-04-21T13:48:41","modified_gmt":"2026-04-21T13:48:41","slug":"sample-page","status":"publish","type":"page","link":"https:\/\/turunmustemessu.fi\/","title":{"rendered":"TURUN MUSTEMESSU"},"content":{"rendered":"\n<figure class=\"wp-block-image alignwide size-full has-custom-border\" style=\"margin-top:0;margin-bottom:0\"><img loading=\"lazy\" decoding=\"async\" width=\"1810\" height=\"2560\" src=\"https:\/\/turunmustemessu.fi\/wp-content\/uploads\/2026\/01\/TMM-Juliste-scaled.jpg\" alt=\"\" class=\"wp-image-14\" style=\"border-style:none;border-width:0px;border-top-left-radius:0px;border-top-right-radius:0px;border-bottom-left-radius:0px;border-bottom-right-radius:0px\" srcset=\"https:\/\/turunmustemessu.fi\/wp-content\/uploads\/2026\/01\/TMM-Juliste-scaled.jpg 1810w, https:\/\/turunmustemessu.fi\/wp-content\/uploads\/2026\/01\/TMM-Juliste-212x300.jpg 212w, https:\/\/turunmustemessu.fi\/wp-content\/uploads\/2026\/01\/TMM-Juliste-724x1024.jpg 724w, https:\/\/turunmustemessu.fi\/wp-content\/uploads\/2026\/01\/TMM-Juliste-768x1086.jpg 768w, https:\/\/turunmustemessu.fi\/wp-content\/uploads\/2026\/01\/TMM-Juliste-1086x1536.jpg 1086w, https:\/\/turunmustemessu.fi\/wp-content\/uploads\/2026\/01\/TMM-Juliste-1448x2048.jpg 1448w\" sizes=\"auto, (max-width: 1810px) 100vw, 1810px\" \/><\/figure>\n\n\n\n<p class=\"has-text-align-center\"><\/p>\n\n\n\n<div class=\"wp-block-group alignwide has-global-padding is-layout-constrained wp-container-core-group-is-layout-caa2d89a wp-block-group-is-layout-constrained\" style=\"padding-right:var(--wp--preset--spacing--80);padding-left:var(--wp--preset--spacing--80)\">\n<figure class=\"wp-block-image alignwide size-full has-custom-border\" style=\"margin-top:0;margin-right:0;margin-bottom:0;margin-left:0\"><img loading=\"lazy\" decoding=\"async\" width=\"1600\" height=\"127\" src=\"https:\/\/turunmustemessu.fi\/wp-content\/uploads\/2026\/02\/TMM-Vali.jpg\" alt=\"\" class=\"wp-image-92\" style=\"border-style:none;border-width:0px\" srcset=\"https:\/\/turunmustemessu.fi\/wp-content\/uploads\/2026\/02\/TMM-Vali.jpg 1600w, https:\/\/turunmustemessu.fi\/wp-content\/uploads\/2026\/02\/TMM-Vali-300x24.jpg 300w, https:\/\/turunmustemessu.fi\/wp-content\/uploads\/2026\/02\/TMM-Vali-1024x81.jpg 1024w, https:\/\/turunmustemessu.fi\/wp-content\/uploads\/2026\/02\/TMM-Vali-768x61.jpg 768w, https:\/\/turunmustemessu.fi\/wp-content\/uploads\/2026\/02\/TMM-Vali-1536x122.jpg 1536w\" sizes=\"auto, (max-width: 1600px) 100vw, 1600px\" \/><\/figure>\n<\/div>\n\n\n\n<p class=\"has-text-align-center\">Tatsamessut Turun Fuusiossa 24.-25.4.2026. Tehd\u00e4\u00e4n ja otetaan tatuointeja, kuunnellaan musaa, napataan pari olutta ja sy\u00f6d\u00e4\u00e4n ehk\u00e4 hyvin siin\u00e4 samalla. <strong>Niin ja l\u00e4vistyksi\u00e4kin saa!<\/strong> Ei mit\u00e4\u00e4n ylim\u00e4\u00e4r\u00e4isi\u00e4 hilavitkuttimia ja sekoiluja.<\/p>\n\n\n\n<p class=\"has-text-align-center\">K\u00e4yt\u00f6ss\u00e4 koko Livesali (3. krs) ja Level 2 (2. krs).<\/p>\n\n\n\n<p class=\"has-text-align-center\">Tapahtuma on ik\u00e4rajallinen. K-18.<\/p>\n\n\n\n<p class=\"has-text-align-center\">Avoinna:<br>Pe 24.4. klo 17-23 (tatuointia klo 22 asti)<br>La 25.4. klo 12-23 (tatuointia klo 22 asti)<\/p>\n\n\n\n<p class=\"has-text-align-center\">Liput ennakkoon:<br>2pv 20\u20ac (ovelta 25\u20ac)<br>pe 10\u20ac (ovelta 12\u20ac)<br>la 15\u20ac (ovelta 17\u20ac)<br>+ palvelumaksut<\/p>\n\n\n\n<p class=\"has-text-align-center\">Ennakot:<br>BILETTI &#8211;&nbsp;<a href=\"https:\/\/biletti.fi\/e\/turun-mustemessu-livesali-level-2?fbclid=IwZXh0bgNhZW0CMTAAYnJpZBExNUZhSU5PbkhHS1ZSckRwcHNydGMGYXBwX2lkEDIyMjAzOTE3ODgyMDA4OTIAAR6kJy_1XnPTn3tcfPpXUk0EtO5ECCptcjvA7ftj5WqV_Jw7Y4NzNYWWyPeI3Q_aem_hk0WsC3ih5C1_P4p7TAYtQ\" rel=\"noreferrer noopener\" target=\"_blank\">https:\/\/biletti.fi\/e\/turun-mustemessu-livesali-level-2<\/a><\/p>\n\n\n\n<p class=\"has-text-align-center\">CLUBY<br>2pv-&nbsp;<a href=\"https:\/\/cluby.com\/fuusio\/events\/turun-mustemessu-2pv-lippu\/44o8no5?fbclid=IwZXh0bgNhZW0CMTAAYnJpZBExNUZhSU5PbkhHS1ZSckRwcHNydGMGYXBwX2lkEDIyMjAzOTE3ODgyMDA4OTIAAR5mkAdK8xONBtGLSbxje0-3tDplinX-NGYVRrSoAc8_wvXgb9lEvXBn3plRZA_aem_ZmFrZWR1bW15MTZieXRlcw\" rel=\"noreferrer noopener\" target=\"_blank\">https:\/\/cluby.com\/&#8230;\/turun-mustemessu-2pv-lippu\/44o8no5<\/a><br>PE &#8211;&nbsp;<a href=\"https:\/\/l.facebook.com\/l.php?u=https%3A%2F%2Fcluby.com%2Ffuusio%2Fevents%2Fturun-mustemessu-pe-lippu%2Frpxw1k3%3Ffbclid%3DIwZXh0bgNhZW0CMTAAYnJpZBExNUZhSU5PbkhHS1ZSckRwcHNydGMGYXBwX2lkEDIyMjAzOTE3ODgyMDA4OTIAAR66D_hawv3A3FTTWzgru9sp1YTt50s4JvahqZmeESU4lhD3jdqd1OX75G5izg_aem_YK4apyyhLBw7RObi733Lug&amp;h=AT3aNTr1S0k2Lg6yWvf81AZSh5BA-5pUCSEJSh8MPGgv7O64sq1fvPT42FLp7iEqQks3_subPbssPmZbZqRI9ovEGxl_QaSPVbLa3C97o58HQjKF8i9iO3GozeWWzQzEt6zfN4KnFo98nw&amp;__tn__=q&amp;c[0]=AT2efxP2gB3rQMeUvKp_WuP2V_YV75mnsdGLjudWDMjj4UnQfWHHC4NQZbDhlMbtiOGZr4xKfykLtXfp1yIciRZJMpUVEFOT81ZIVy3TrijexY6aSa9XbTCd0dEF81WuXBgmyaj1FW6SokQ9Ho-VJs2QIQgPU59Yaks\" rel=\"noreferrer noopener\" target=\"_blank\">https:\/\/cluby.com\/&#8230;\/turun-mustemessu-pe-lippu\/rpxw1k3<\/a><br>LA &#8211;&nbsp;<a href=\"https:\/\/cluby.com\/fuusio\/events\/turun-mustemessu-la-lippu\/wmlv8km?fbclid=IwZXh0bgNhZW0CMTAAYnJpZBExNUZhSU5PbkhHS1ZSckRwcHNydGMGYXBwX2lkEDIyMjAzOTE3ODgyMDA4OTIAAR62IexuktC54QcPgHtk9UQdS_mi7r90kweY4CHhLNBJuFSWvz77Qr1oii5eAQ_aem_sT3goRReKdNBjXAzt7CrFw\" rel=\"noreferrer noopener\" target=\"_blank\">https:\/\/cluby.com\/&#8230;\/turun-mustemessu-la-lippu\/wmlv8km<\/a><\/p>\n\n\n\n<p class=\"has-text-align-center\">Narikka isoille laukuille ja ulkotakeille 3,50\u20ac\/p\u00e4iv\u00e4.<br>Fuusion j\u00e4senkortilla ilmainen narikka.<br>Liity j\u00e4seneksi t\u00e4\u00e4ll\u00e4:&nbsp;<a href=\"https:\/\/fuusioturku.fi\/osallistu\/?fbclid=IwZXh0bgNhZW0CMTAAYnJpZBExNUZhSU5PbkhHS1ZSckRwcHNydGMGYXBwX2lkEDIyMjAzOTE3ODgyMDA4OTIAAR6kJy_1XnPTn3tcfPpXUk0EtO5ECCptcjvA7ftj5WqV_Jw7Y4NzNYWWyPeI3Q_aem_hk0WsC3ih5C1_P4p7TAYtQ\" rel=\"noreferrer noopener\" target=\"_blank\">https:\/\/fuusioturku.fi\/osallistu\/<\/a>&nbsp;<\/p>\n\n\n\n<div class=\"wp-block-group has-global-padding is-layout-constrained wp-block-group-is-layout-constrained\" style=\"padding-top:var(--wp--preset--spacing--40);padding-bottom:var(--wp--preset--spacing--40)\">\n<h2 class=\"wp-block-heading has-text-align-center\">JATKOT?<\/h2>\n\n\n\n<p class=\"has-text-align-center\">Perjantaina ja Lauantaina Fuusion alakerrassa on luvassa b\u00e4ndej\u00e4. Tarkemmat tiedot <a href=\"https:\/\/fuusioturku.fi\/ohjelma\/\">Fuusion sivuilta<\/a>.<\/p>\n\n\n\n<h3 class=\"wp-block-heading has-text-align-center\">Perjantaina:<\/h3>\n\n\n\n<figure class=\"wp-block-image size-large\"><img loading=\"lazy\" decoding=\"async\" width=\"1024\" height=\"614\" src=\"https:\/\/turunmustemessu.fi\/wp-content\/uploads\/2026\/04\/de61f06a-6f37-450f-b6ab-c7bbf5f826c7-1024x614.jpg\" alt=\"\" class=\"wp-image-605\" srcset=\"https:\/\/turunmustemessu.fi\/wp-content\/uploads\/2026\/04\/de61f06a-6f37-450f-b6ab-c7bbf5f826c7-1024x614.jpg 1024w, https:\/\/turunmustemessu.fi\/wp-content\/uploads\/2026\/04\/de61f06a-6f37-450f-b6ab-c7bbf5f826c7-300x180.jpg 300w, https:\/\/turunmustemessu.fi\/wp-content\/uploads\/2026\/04\/de61f06a-6f37-450f-b6ab-c7bbf5f826c7-768x461.jpg 768w, https:\/\/turunmustemessu.fi\/wp-content\/uploads\/2026\/04\/de61f06a-6f37-450f-b6ab-c7bbf5f826c7-1536x922.jpg 1536w, https:\/\/turunmustemessu.fi\/wp-content\/uploads\/2026\/04\/de61f06a-6f37-450f-b6ab-c7bbf5f826c7.jpg 1600w\" sizes=\"auto, (max-width: 1024px) 100vw, 1024px\" \/><\/figure>\n\n\n\n<h3 class=\"wp-block-heading has-text-align-center\">Lauantaina:<\/h3>\n\n\n\n<figure class=\"wp-block-image size-large\"><img loading=\"lazy\" decoding=\"async\" width=\"1024\" height=\"614\" src=\"https:\/\/turunmustemessu.fi\/wp-content\/uploads\/2026\/04\/9d90b5bd-6ed2-4803-b018-079af28fe608-1024x614.jpg\" alt=\"\" class=\"wp-image-604\" srcset=\"https:\/\/turunmustemessu.fi\/wp-content\/uploads\/2026\/04\/9d90b5bd-6ed2-4803-b018-079af28fe608-1024x614.jpg 1024w, https:\/\/turunmustemessu.fi\/wp-content\/uploads\/2026\/04\/9d90b5bd-6ed2-4803-b018-079af28fe608-300x180.jpg 300w, https:\/\/turunmustemessu.fi\/wp-content\/uploads\/2026\/04\/9d90b5bd-6ed2-4803-b018-079af28fe608-768x461.jpg 768w, https:\/\/turunmustemessu.fi\/wp-content\/uploads\/2026\/04\/9d90b5bd-6ed2-4803-b018-079af28fe608-1536x922.jpg 1536w, https:\/\/turunmustemessu.fi\/wp-content\/uploads\/2026\/04\/9d90b5bd-6ed2-4803-b018-079af28fe608.jpg 1600w\" sizes=\"auto, (max-width: 1024px) 100vw, 1024px\" \/><\/figure>\n<\/div>\n","protected":false},"excerpt":{"rendered":"<p>Tatsamessut Turun Fuusiossa 24.-25.4.2026. Tehd\u00e4\u00e4n ja otetaan tatuointeja, kuunnellaan musaa, napataan pari olutta ja sy\u00f6d\u00e4\u00e4n ehk\u00e4 hyvin siin\u00e4 samalla. Niin ja l\u00e4vistyksi\u00e4kin saa! Ei mit\u00e4\u00e4n ylim\u00e4\u00e4r\u00e4isi\u00e4 hilavitkuttimia ja sekoiluja. K\u00e4yt\u00f6ss\u00e4 koko Livesali (3. krs) ja Level 2 (2. krs). Tapahtuma on ik\u00e4rajallinen. K-18. Avoinna:Pe 24.4. klo 17-23 (tatuointia klo 22 asti)La 25.4. klo 12-23 (tatuointia [&hellip;]<\/p>\n","protected":false},"author":1,"featured_media":14,"parent":0,"menu_order":0,"comment_status":"closed","ping_status":"open","template":"","meta":{"footnotes":""},"class_list":["post-2","page","type-page","status-publish","has-post-thumbnail","hentry"],"_links":{"self":[{"href":"https:\/\/turunmustemessu.fi\/index.php?rest_route=\/wp\/v2\/pages\/2","targetHints":{"allow":["GET"]}}],"collection":[{"href":"https:\/\/turunmustemessu.fi\/index.php?rest_route=\/wp\/v2\/pages"}],"about":[{"href":"https:\/\/turunmustemessu.fi\/index.php?rest_route=\/wp\/v2\/types\/page"}],"author":[{"embeddable":true,"href":"https:\/\/turunmustemessu.fi\/index.php?rest_route=\/wp\/v2\/users\/1"}],"replies":[{"embeddable":true,"href":"https:\/\/turunmustemessu.fi\/index.php?rest_route=%2Fwp%2Fv2%2Fcomments&post=2"}],"version-history":[{"count":12,"href":"https:\/\/turunmustemessu.fi\/index.php?rest_route=\/wp\/v2\/pages\/2\/revisions"}],"predecessor-version":[{"id":609,"href":"https:\/\/turunmustemessu.fi\/index.php?rest_route=\/wp\/v2\/pages\/2\/revisions\/609"}],"wp:featuredmedia":[{"embeddable":true,"href":"https:\/\/turunmustemessu.fi\/index.php?rest_route=\/wp\/v2\/media\/14"}],"wp:attachment":[{"href":"https:\/\/turunmustemessu.fi\/index.php?rest_route=%2Fwp%2Fv2%2Fmedia&parent=2"}],"curies":[{"name":"wp","href":"https:\/\/api.w.org\/{rel}","templated":true}]}}